-14)?
-28
What is -11 - (-3 + 5 + -4) - -7?
-2
Evaluate (1 - (12 + -10)) + 15 + -1 + 1.
14
Evaluate -5 + -15 + (17 - (-18 - -22)).
-7
Evaluate -1 + 13 + 9 + -18 - (2 + -14).
15
What is the value of -2 + 2 + (4 - (5 - 2)) + 0?
1
What is (-10 - 1) + (-1661 - -1651)?
-21
What is 13 - 9 - -1 - (-2 + -1 + 5)?
3
20 + 1 + (-7 + 4 - 2)
16
What is the value of 21 + 1 + 31 + -41?
12
Evaluate -27 - -18 - (2 + 0).
-11
Calculate 22 + (-8 + 17 - 2 - -5) + -3.
31
Calculate -15 - (15 + -26 + -5 + 14 + -1).
-12
Evaluate (-31 + -10 - -15) + 53.
27
What is -1 - 5 - (-2 + 32 - 37)?
1
What is 60 + -16 + -40 - (6 + -4 + 3)?
-1
Evaluate -2 - (43 - 39 - (1 - -4) - 1).
0
Evaluate 12 + -20 - -7 - (-1 - 1 - 1).
2
Evaluate (-11 - (-1 + 12 - 10)) + 0.
-12
Evaluate (2 - -1) + 4 - (3 + 12 - 6).
-2
Calculate -8 - (10 + (-12 - 15) - -5).
4
26 + 1 + -2 + (2400 - 2401)
24
Evaluate 0 - (13 + (16 - 8 - 15)).
-6
Evaluate 6 - ((6 - 7 - -26) + -3).
-16
What is the value of -2 + (43 - (7 + -5) - (-6 - -17))?
28
What is (-41 - -32) + (5 - -10) - 24?
-18
-11 - (-3 - 2 - -3 - -3)
-12
Evaluate -33 + 5 + 8 + -6.
-26
What is the value of 11 + (-10 - -11) + (5 - 25)?
-8
-164 - -166 - (22 + 1 + -1 + -1)
-19
Calculate -2 + (-9 - -8) + 14.
11
Calculate (-1 - -3 - 5) + -1 - (-63 + 43).
16
Calculate -11 + 18 + -39 + 15.
-17
What is the value of 7 + -2 - (-55 - -58)?
2
Calculate (-2 - -5 - 3 - 5) + (-3 - -9).
1
What is 21 + 3 + -18 - (-1 + 1)?
6
Evaluate 680 + -663 + (-41 - 0).
-24
Evaluate -5 + (8 - (7 + 10 + -3)).
-11
Evaluate -10 + -6 + 17 + 0.
1
Evaluate (6 - -3) + 9 - 8 - 12.
-2
Calculate -13 + (-13 - -47) - 1.
20
Evaluate 5 - (6 + 3 + -3 - 14).
13
What is the value of -9 + -5 + 6 + 9?
1
What is the value of 8 - (-3 - -12) - 6 - -13?
6
What is (-100 - -92) + (2 - 0)?
-6
What is the value of 4 - (-23 + 32) - (1 + 3 + -13)?
4
Calculate 16 + 6 + (-1 - (3 + 4)).
14
-1 - -1 - (-12 + 19) - -9
2
-241 + 267 + 3 + -31
-2
Calculate -35 + 5 - (-8 - (-5 - -1)) - 0.
-26
Calculate 12 - -6 - (-9 + 8 - -6).
13
What is 12 - 1 - (218 + -237)?
30
What is the value of -8 - (-46 + 42 - (2 + 2))?
0
Evaluate -10 - (-20 + 27 + -8).
-9
What is 0 + (1 + -4 - (-3 + -7 - -48))?
-41
What is the value of -8 - -20 - (-13 - (-5 + -4))?
16
18 + -11 - 31 - -44
20
What is the value of -22 + (23 - (30 + -65))?
36
Calculate 19 + -9 - -12 - 18.
4
Calculate -3 + (-23 + 3 - (2 - 3)) - 8.
-30
-9 + 14 - 8 - 2
-5
Calculate (8 + -15 - (1 + -1)) + 6 - -16.
15
Evaluate -10 - ((-286 - -276) + 1 + (-1 - -10)).
-10
What is 0 - (4 - -3) - (9 - 5)?
-11
What is (-5 - (2 + 23 - (40 - 33))) + 0?
-23
Evaluate (0 - 16) + 30 + -53 + 19.
-20
What is -1 - (-1 - 3 - 4 - (-5 - 2))?
0
Evaluate 20 + -25 + 64 + -36.
23
What is the value of -38 + -2 - -13 - ((2 - 12) + -1)?
-16
Calculate -10 + (21 - 9) - 2.
0
-5 - ((1 + 7 - (2 - -1)) + -7)
-3
What is 5 + (-1 - -2) + (-10 - -9) + -8?
-3
-41 + (59 - 32 - 15)
-29
Evaluate -2 + -3 - (17 - 17).
-5
Calculate (2 - -1) + -5 - (-34 + 28) - -5.
9
Calculate 54 + -73 + (12 - (5 - -2)).
-14
What is (-33 - (-74 + 28)) + 11?
24
Evaluate (9 - 17) + -12 - (-6 - (-4 + 2)).
-16
-1 + 38 - (218 + -197)
16
What is the value of (10 - (-8 - (-23 - -11))) + (22 - 2)?
26
What is (18 - (-17 + 0 - -42)) + -19?
-26
(1 - -6 - 10) + -14
-17
Evaluate (-9 - (2 + -12 - -3)) + (-1 - -7).
4
What is 15 + (2 - (27 + -1))?
-9
Evaluate (50 - 37) + (1 - 9) + 12.
17
(-26 - -48) + -14 + -28
-20
What is 3 + (-8 - ((-8 - -32) + -8))?
-21
Evaluate 19 + (6 - 0) + -21.
4
What is -40 + 16 + (0 - -8)?
-16
What is (10 - -2) + 182 + -211?
-17
Calculate 15 + (3 - (-8 + (16 - -1))).
9
Calculate -34 - ((-4 - 2) + -8 + -1).
-19
Evaluate (-1 - -2 - 7) + (-43 - (-53 - 7)).
11
34 + -29 - (-6 + -15)
26
(11 - 14) + 2 + -8 - -7 - 7
-9
What is the value of (10 - 2) + 11 + (18 - 65)?
-28
What is -30 - (-3 - (2 + 10 + -6 + -8))?
-29
What is the value of -11 + (7 + 10 - 21)?
-15
What is the value of 9 + (4 - 11) - -1 - 0?
3
What is the value of 4 + 1 - (-28 + 14 - -12)?
7
What is the value of 19 + -31 + (10 - (1 + 1))?
-4
Evaluate -36 - ((-19 - -43) + -53).
-7
What is 9 - (2 + 1 + -4 + 4) - 4?
2
Evaluate (5 - (6 - 11)) + -6.
4
Evaluate 2 - ((4 - -3) + (-8 - -8)) - 13.
-18
-7 + (-21 + 13 - (-21 + 3)) - -12
15
(-1 + 3 - (0 + (-9 - -3))) + -1
7
What is the value of 9 + -5 + (16 - (8 - 11))?
23
Calculate 14 + (-22 - 5) + 15.
2
Evaluate (-66 - -82) + (1 - -7) + -9.
15
What is the value of 16 - (-16 + 7 - -38)?
-13
What is the value of 2 + (-7 - -11) - 4?
2
61 - 16 - ((-3 - 2) + 8) - 6
36
Calculate (-6 - (1 + -9 + 1)) + (-1 - -6).
6
-1 + 7 + (29 - 10) + -8
17
-5 + -17 + (3 - 2) + -9 + 7
-23
Evaluate (-13 - (-4 - -1)) + 9 + 38 + -23.
14
What is (12 - -1) + 5 - (6 - 0)?
12
What is the value of 3 + (14 - 7) + -1?
9
What is the value of -5 + 2 + -2 - (11 + -10 - 7)?
1
Calculate -8 + 19 + -36 + 16.
-9
Calculate -4 + 324 + -339 + -13 + -1.
-33
Calculate 196 + -190 + 0 + 9.
15
What is the value of (1 - 2) + (14 - (1 + 9)) - -6?
9
33 + -23 + -2 + 2 - (3 - -1)
6
Calculate 672 + -666 + (1 - (-8 + -2)) + -1.
16
What is 15 + 12 + (10 - 15) + -15?
7
(-27 - (4 + 8 + -26)) + 14
1
23 + -2 - (-37 + 68)
-10
Evaluate 2 + -11 - (-9 - (-9 + (-17 - -15))).
-11
What is 9 + -3 - (4 + -6 + 5)?
3
Calculate -16 + (130 + -126 - (-3 + 10 + 2)).
-21
Evaluate -19 - -10 - 4 - (0 + -8).
-5
Calculate (12 - 10) + (-5 - -1 - 5) + 2.
-5
What is 19 + 10 + (20 + -8 - 38)?
3
Calculate (-11 + 5 - -2) + 0 + (1 - -6).
3
What is 8 + 35 + -53 + 28?
18
What is the value of -4 - -15 - (3 + -21 + 9 + 4)?
16
What is the value of -9 + 11 + -16 - -15?
1
What is 2 - ((-30 - -19 - -5) + 18 + -1)?
-9
Calculate 129 + -117 - (23 + (-2 - -6)).
-15
-1 + 3 + 2 + 9
13
What is (-15 - 0) + -43 + 45 + -3 + 1?
-15
Evaluate -5 + -4 + 11 + -12 + -7.
-17
-7 + -4 + -6 + -2 + 1 + 14
-4
What is 6 + (-4 - (6 - (9 + -3)))?
2
Evaluate (-18 - -8 - -24) + -22.
-8
What is 20 + 49 + -35 + 1 + (-11 - 0)?
24
What is the value of -9 - (-5 + -1 - (56 - 74))?
-21
What is 1 + 1 + -9 + -2 + 4 + 1?
-4
What is -1 + -16 + 2 + (22 - 16)?
-9
What is the value of 1 + -28 + -8 + 11?
-24
Calculate -15 + 13 + -6 - -24.
16
Calculate 31 + (10 - (33 + 14)).
-6
Calculate 31 + -4 - 7 - (-2 + (4 - 5)).
23
What is (46 - 12) + (-1 - (6 + -3))?
30
Evaluate -3 + -1 + (38 - 11) + (-19 - -13).
17
Calculate -263 + 256 - (-2 + (1 - 1)).
-5
-29 + 25 - (2 + (-7 - -3))
-2
(31 - 14 - 21) + 12
8
Calculate -1 - ((4 - 7) + 7 - 11).
6
Calculate -13 + 0 + (-19 - (-25 + (33 - 21))).
-19
Evaluate (40 - 54 - (-3 - 6)) + 34.
29
Calculate (7 - -6) + -4 + -5 + 13.
17
-22 - -10 - (1 + -7 + 1) - 9
-16
What is the value of -8 + (68 - 38 - 13)?
9
29 - (-2 - (23 - 34))
20
What is 10 + 33 + -16 + -21?
6
What is the value of 32 + (16 - 48) - 2?
-2
What is the value of -9 + 0 + (-42 - -11) + 49?
9
1 + 0 - (15 + -15 - -4)
-3
-4 + (-53 - -63 - (-5 - 7))
18
What is the value of (-10 - 5) + 9 - (1 + (-9 - 3))?
5
Calculate (2 - 0) + (16 - (-5 + 13)).
10
(-7 - 0) + (-7 - -17) + -8 + 3
-2
Calculate 306 - 311 - (-31 - 0).
26
8 + (2 - -1 - (7 - -1))
3
What is the value of -3 - 5 - (17 + 4 + -9) - -6?
-14
What is the value of (0 - (-9 + (-1 - -12))) + 0?
-2
What is 139 + -152 + -25 + 1 - (2 - 0)?
-39
What is 294 + -297 + -6 + -1 + 3 + -5?
-12
Calculate (12 - (1 + 20)) + -7 + 18.
2
1 + -14 + (10 + -22 - -22) + -18
-21
Calculate -9 + (12 - 10) + 5 + -6.
-8
What is the value of -5 + -4 + 3 + 8 + -3 + 4?
3
What is the value of -14 - (1 + -14) - -13?
12
Calculate -5 + 19 - -4 - 26.
-8
What is (-26 - 7) + 2 + 6 + 11?
-14
Calculate -3 + 17 + -13 + 17 + -4.
14
What is the value of 7 + -33 - (20 + -14 + -10)?
-22
2 - (10 - -2 - -2)
-12
Evaluate (-8 - -1 - (4 - 7)) + (6 - -1).
3
7 - 2 - (-21 - (-3 + 3 - 10))
16
What is 10 + -32 - (-17 + 6)?
-11
What is 113 + -128 + 3 + 20?
8
Evaluate -2 + 8 + -2 - (-22 + 31 + -23).
18
Evaluate (-18 + (18 - 9) - -3) + 19.
13
Calculate -11 - (23 + (-5 - (8 + 3))).
-18
Evaluate 9 + -1 + (-339 - -322 - (-19 - -1)).
9
Evaluate -12 + -1 + (-28 + 12 - -11).
-18
What is -5 + (-9 - (-9 + 0)) + (18 - -5)?
18
What is the value of -20 - (0 + -11) - -35?
26
What is the value of 0 + -22 + (46 - 122 - -80)?
-18
What is 6 + (6 + -4 - 18) + (1 - 1)?
-10
Evaluate -13 - (-19 - -9) - (4 - 7).
0
Evaluate 4 + 22 + -22 + 15 + -1.
18
What is -52 + 38 - (-3 - -1)?
-12
What is the value of (-1 - (12 + -24)) + 